{"id":88,"date":"2025-10-22T11:43:01","date_gmt":"2025-10-22T11:43:01","guid":{"rendered":"https:\/\/apimondia.site\/?page_id=88"},"modified":"2026-01-14T17:51:30","modified_gmt":"2026-01-14T17:51:30","slug":"apitherapy","status":"publish","type":"page","link":"https:\/\/apimondia.site\/esp\/our-work\/apitherapy\/","title":{"rendered":"Apitherapy"},"content":{"rendered":"<div data-elementor-type=\"wp-page\" data-elementor-id=\"88\" class=\"elementor elementor-88\" data-elementor-post-type=\"page\">\n\t\t\t\t<div class=\"elementor-element elementor-element-dbc2b48 e-flex e-con-boxed e-con e-parent\" data-id=\"dbc2b48\" data-element_type=\"container\">\n\t\t\t\t\t<div class=\"e-con-inner\">\n\t\t\t\t<div class=\"elementor-element elementor-element-670156d elementor-widget elementor-widget-heading\" data-id=\"670156d\" data-element_type=\"widget\" data-widget_type=\"heading.default\">\n\t\t\t\t\t<h1 class=\"elementor-heading-title elementor-size-default\">Apitherapy<\/h1>\t\t\t\t<\/div>\n\t\t\t\t<div class=\"elementor-element elementor-element-4e4ed9e elementor-widget-divider--view-line elementor-widget elementor-widget-divider\" data-id=\"4e4ed9e\" data-element_type=\"widget\" data-widget_type=\"divider.default\">\n\t\t\t\t\t\t\t<div class=\"elementor-divider\">\n\t\t\t<span class=\"elementor-divider-separator\">\n\t\t\t\t\t\t<\/span>\n\t\t<\/div>\n\t\t\t\t\t\t<\/div>\n\t\t\t\t\t<\/div>\n\t\t\t\t<\/div>\n\t\t<div class=\"elementor-element elementor-element-6fe55de e-flex e-con-boxed e-con e-parent\" data-id=\"6fe55de\" data-element_type=\"container\">\n\t\t\t\t\t<div class=\"e-con-inner\">\n\t\t<div class=\"elementor-element elementor-element-73ce6e3 e-con-full e-flex e-con e-child\" data-id=\"73ce6e3\" data-element_type=\"container\">\n\t\t<div class=\"elementor-element elementor-element-7266629 e-con-full e-flex e-con e-child\" data-id=\"7266629\" data-element_type=\"container\">\n\t\t\t\t<div class=\"elementor-element elementor-element-de69932 elementor-widget elementor-widget-heading\" data-id=\"de69932\" data-element_type=\"widget\" data-widget_type=\"heading.default\">\n\t\t\t\t\t<h2 class=\"elementor-heading-title elementor-size-default\">The importance of apitherapy<\/h2>\t\t\t\t<\/div>\n\t\t\t\t<div class=\"elementor-element elementor-element-22e4de3 elementor-widget__width-initial elementor-widget elementor-widget-text-editor\" data-id=\"22e4de3\" data-element_type=\"widget\" data-widget_type=\"text-editor.default\">\n\t\t\t\t\t\t\t\t\t<p>Apitherapy is a natural medical approach and a recognized part of integrative medicine. It is based on the use of products originating from the beehive.<\/p><p>In different parts of the world, apitherapy is practiced and regulated in various ways. The term <em>apitherapy<\/em> was coined in the United States in 1935 by Dr. Bodog F. Beck. At that time, it referred specifically to bee venom therapy using direct bee stings. Later, the concept of apitherapy became broader and now includes the use of honey, pollen, bee bread, propolis, royal jelly, beeswax, bee venom, drone and queen larvae, dried worker bees, vax moth larvae, hive air and all other effects resulting from proximity to a bee colony, such as example sound and vibration.<\/p><p>As part of integrative medicine, apitherapy is regulated differently across countries. In some countries, after obtaining a medical university degree, researchers can pursue PhD studies in the field of apitherapy. In other countries, medical universities offer courses in apitherapy, while elsewhere various universities provide complementary or continuing education programs. In some regions, apitherapy is practiced within the profession of naturopathy.<\/p><p>Research, including controlled and randomized clinical trials, has shown positive effects of apitherapy, including during the COVID-19 period.<\/p><p>As a natural therapeutic method, apitherapy can provide significant benefits for people of all ages, from children through adults to elderly individuals. Its application spans from everyday use (<em>api-nutrition<\/em>) through prevention, treatment, and rehabilitation.<\/p><p>Knowledge development in apitherapy covers all levels: basic research, the investigation of the properties of bee products, case studies, and clinical trials. These activities increase the value of bee products and contribute to greater appreciation of beekeepers\u2019 work.<\/p><p>Our approach is built on the collective knowledge of Apimondia member organizations worldwide. By connecting diverse experiences and expertise, we foster synergy\u2014where combined knowledge creates greater value than individual contributions alone.<\/p>\t\t\t\t\t\t\t\t<\/div>\n\t\t\t\t<div class=\"elementor-element elementor-element-e6d5c65 elementor-widget elementor-widget-heading\" data-id=\"e6d5c65\" data-element_type=\"widget\" data-widget_type=\"heading.default\">\n\t\t\t\t\t<h2 class=\"elementor-heading-title elementor-size-default\">Our approach<\/h2>\t\t\t\t<\/div>\n\t\t\t\t<div class=\"elementor-element elementor-element-6623638 elementor-widget elementor-widget-text-editor\" data-id=\"6623638\" data-element_type=\"widget\" data-widget_type=\"text-editor.default\">\n\t\t\t\t\t\t\t\t\t<p>Our mission is to help people gain reliable, evidence-based knowledge about apitherapy as a natural approach to health. We aim to raise awareness and appreciation of beehive products and their role in supporting health, balance, and longevity for both humans and animals, in harmony with the World Health Organization\u2019s vision for integrative medicine.<\/p>\t\t\t\t\t\t\t\t<\/div>\n\t\t\t\t<div class=\"elementor-element elementor-element-2d54c57 elementor-widget elementor-widget-heading\" data-id=\"2d54c57\" data-element_type=\"widget\" data-widget_type=\"heading.default\">\n\t\t\t\t\t<h2 class=\"elementor-heading-title elementor-size-default\">Our values<\/h2>\t\t\t\t<\/div>\n\t\t\t\t<div class=\"elementor-element elementor-element-1a9fb51 elementor-widget elementor-widget-text-editor\" data-id=\"1a9fb51\" data-element_type=\"widget\" data-widget_type=\"text-editor.default\">\n\t\t\t\t\t\t\t\t\t<ul><li>We value scientific integrity and evidence-based knowledge while respecting the wisdom of traditional practices.<\/li><li>We believe in the responsible and ethical use of beehive products, with respect for nature, bees, and biodiversity.<\/li><li>We support collaboration between researchers, healthcare professionals, beekeepers, and educators across the world.<\/li><li>We are committed to education, transparency, and the sharing of knowledge for the benefit of human and animal health.<\/li><li>We recognize and honor the work of beekeepers, whose dedication is essential to the quality and sustainability of apitherapy.<\/li><\/ul>\t\t\t\t\t\t\t\t<\/div>\n\t\t\t\t<div class=\"elementor-element elementor-element-149a649 elementor-widget elementor-widget-image\" data-id=\"149a649\" data-element_type=\"widget\" data-widget_type=\"image.default\">\n\t\t\t\t\t\t\t\t\t\t\t\t\t\t\t<img fetchpriority=\"high\" decoding=\"async\" width=\"600\" height=\"600\" src=\"https:\/\/apimondia.site\/wp-content\/uploads\/2026\/01\/apitherapy-3-2.png\" class=\"attachment-large size-large wp-image-2369\" alt=\"\" srcset=\"https:\/\/apimondia.site\/wp-content\/uploads\/2026\/01\/apitherapy-3-2.png 600w, https:\/\/apimondia.site\/wp-content\/uploads\/2026\/01\/apitherapy-3-2-12x12.png 12w\" sizes=\"(max-width: 600px) 100vw, 600px\" \/>\t\t\t\t\t\t\t\t\t\t\t\t\t\t\t<\/div>\n\t\t\t\t<div class=\"elementor-element elementor-element-de391f8 elementor-widget elementor-widget-heading\" data-id=\"de391f8\" data-element_type=\"widget\" data-widget_type=\"heading.default\">\n\t\t\t\t\t<h2 class=\"elementor-heading-title elementor-size-default\">The effects of apitheraphy<\/h2>\t\t\t\t<\/div>\n\t\t\t\t<div class=\"elementor-element elementor-element-f9d415f elementor-widget elementor-widget-text-editor\" data-id=\"f9d415f\" data-element_type=\"widget\" data-widget_type=\"text-editor.default\">\n\t\t\t\t\t\t\t\t\t<p>The effects of apitherapy can be classified into several levels:<\/p><ol><li><strong>Clinical trials.<\/strong>These trials use highly precise observations and statistically significant patient data to prove the efficacy of a treatment method.<\/li><li><strong>Case studies.<\/strong>These demonstrate effects in patients where the therapist processes one or more individual cases.<\/li><li><strong>Animal experiments.<\/strong>Here, a specific mechanism of action or efficacy is observed.<\/li><li><strong>Traditional\/Folk observations.<\/strong>These are cases found in popular literature or those with a historical basis. They are similar to the EU&#8217;s category of traditional herbal medicinal products, where the indication is based on a well-established use that has been generally known and widespread for more than 15 years (such as chamomile tea).<\/li><li><strong>Observations on cell cultures or genetic lines.<\/strong>These studies form the foundational pillar for all higher-level experiments.<\/li><\/ol><p>The highest scientific level is represented by\u00a0<strong>systematic reviews<\/strong>, which filter and draw conclusions by subjecting to detailed critique repeated clinical trials investigating the same phenomenon\u2014ideally conducted independently at multiple sites. Here, a truly independent organizational investigation could provide a guarantee.<\/p><p>Apitherapy is closely linked to other areas of bees and beekeeping. Achieving excellent health effects is only possible with:<\/p><ul><li><strong>High-quality raw materials<\/strong>(Quality),<\/li><li><strong>Properly prepared products,<\/strong><\/li><li>Raw materials produced by\u00a0<strong>healthy, contamination-free bees<\/strong>(health) in a\u00a0<strong>suitable, safe environment<\/strong>\u00a0(Rural development) from\u00a0<strong>uncontaminated flowers<\/strong>\u00a0(pollination).<\/li><\/ul><p>Accordingly, apitherapeutic applications require a broad knowledge base, in addition to adhering to the varying legal regulations in each country.<\/p>\t\t\t\t\t\t\t\t<\/div>\n\t\t\t\t<div class=\"elementor-element elementor-element-98498b0 elementor-widget elementor-widget-image\" data-id=\"98498b0\" data-element_type=\"widget\" data-widget_type=\"image.default\">\n\t\t\t\t\t\t\t\t\t\t\t\t\t\t\t<img decoding=\"async\" width=\"600\" height=\"600\" src=\"https:\/\/apimondia.site\/wp-content\/uploads\/2026\/01\/apitherapy-2-3.png\" class=\"attachment-large size-large wp-image-2370\" alt=\"\" srcset=\"https:\/\/apimondia.site\/wp-content\/uploads\/2026\/01\/apitherapy-2-3.png 600w, https:\/\/apimondia.site\/wp-content\/uploads\/2026\/01\/apitherapy-2-3-12x12.png 12w\" sizes=\"(max-width: 600px) 100vw, 600px\" \/>\t\t\t\t\t\t\t\t\t\t\t\t\t\t\t<\/div>\n\t\t\t\t<\/div>\n\t\t<div class=\"elementor-element elementor-element-12df1ff e-con-full e-flex e-con e-child\" data-id=\"12df1ff\" data-element_type=\"container\">\n\t\t\t\t<div class=\"elementor-element elementor-element-8194dff elementor-widget elementor-widget-heading\" data-id=\"8194dff\" data-element_type=\"widget\" data-widget_type=\"heading.default\">\n\t\t\t\t\t<h4 class=\"elementor-heading-title elementor-size-default\">Chair of Apimondia Apitherapy Commission<\/h4>\t\t\t\t<\/div>\n\t\t\t\t<div class=\"elementor-element elementor-element-71f47c0 elementor-widget elementor-widget-text-editor\" data-id=\"71f47c0\" data-element_type=\"widget\" data-widget_type=\"text-editor.default\">\n\t\t\t\t\t\t\t\t\t<p><strong>Dr J\u00e1nos K\u00f6rmendy-R\u00e1cz<\/strong><br \/>Vice-president of the Speciality Comittee of Apitherapy at the World Federation of Chinese Medicine Associations<br \/>President of the Hungarian Apitherapy Association<\/p><p>Hungary<\/p>\t\t\t\t\t\t\t\t<\/div>\n\t\t\t\t<div class=\"elementor-element elementor-element-f2e2b45 elementor-icon-list--layout-traditional elementor-list-item-link-full_width elementor-widget elementor-widget-icon-list\" data-id=\"f2e2b45\" data-element_type=\"widget\" data-widget_type=\"icon-list.default\">\n\t\t\t\t\t\t\t<ul class=\"elementor-icon-list-items\">\n\t\t\t\t\t\t\t<li class=\"elementor-icon-list-item\">\n\t\t\t\t\t\t\t\t\t\t\t<span class=\"elementor-icon-list-icon\">\n\t\t\t\t\t\t\t<svg aria-hidden=\"true\" class=\"e-font-icon-svg e-fas-envelope\" viewbox=\"0 0 512 512\" xmlns=\"http:\/\/www.w3.org\/2000\/svg\"><path d=\"M502.3 190.8c3.9-3.1 9.7-.2 9.7 4.7V400c0 26.5-21.5 48-48 48H48c-26.5 0-48-21.5-48-48V195.6c0-5 5.7-7.8 9.7-4.7 22.4 17.4 52.1 39.5 154.1 113.6 21.1 15.4 56.7 47.8 92.2 47.6 35.7.3 72-32.8 92.3-47.6 102-74.1 131.6-96.3 154-113.7zM256 320c23.2.4 56.6-29.2 73.4-41.4 132.7-96.3 142.8-104.7 173.4-128.7 5.8-4.5 9.2-11.5 9.2-18.9v-19c0-26.5-21.5-48-48-48H48C21.5 64 0 85.5 0 112v19c0 7.4 3.4 14.3 9.2 18.9 30.6 23.9 40.7 32.4 173.4 128.7 16.8 12.2 50.2 41.8 73.4 41.4z\"><\/path><\/svg>\t\t\t\t\t\t<\/span>\n\t\t\t\t\t\t\t\t\t\t<span class=\"elementor-icon-list-text\">apitherapy@apimondia.org<\/span>\n\t\t\t\t\t\t\t\t\t<\/li>\n\t\t\t\t\t\t<\/ul>\n\t\t\t\t\t\t<\/div>\n\t\t\t\t<div class=\"elementor-element elementor-element-87dc52f elementor-widget elementor-widget-heading\" data-id=\"87dc52f\" data-element_type=\"widget\" data-widget_type=\"heading.default\">\n\t\t\t\t\t<h4 class=\"elementor-heading-title elementor-size-default\">Comission members<\/h4>\t\t\t\t<\/div>\n\t\t\t\t<div class=\"elementor-element elementor-element-a803dcf elementor-widget elementor-widget-text-editor\" data-id=\"a803dcf\" data-element_type=\"widget\" data-widget_type=\"text-editor.default\">\n\t\t\t\t\t\t\t\t\t<p><strong>Dr. Cristina Mateescu PhD.<\/strong><\/p><p>2015 \u2013 2023 President of the Scientific Commission of Apitherapy of APIMONDIA<br \/>2016 \u2013 National Institute of Research and Development for Food Bioresources \u2013 IBA Bucharest<br \/>2011 \u2013 2015 vice-president of the Scientific Commission of Apitherapy<br \/>2010 \u2013 Institute of Apicultural Research and Development<\/p>\t\t\t\t\t\t\t\t<\/div>\n\t\t\t\t<div class=\"elementor-element elementor-element-46ed94c elementor-widget elementor-widget-text-editor\" data-id=\"46ed94c\" data-element_type=\"widget\" data-widget_type=\"text-editor.default\">\n\t\t\t\t\t\t\t\t\t<p><strong>Prof. Li Wanyao<\/strong><\/p><p>Professor of Traditional Chinese Medicine, Guangzhou University of Chinese Medicine, doctoral supervisor.<\/p>\t\t\t\t\t\t\t\t<\/div>\n\t\t\t\t<div class=\"elementor-element elementor-element-f5b453f elementor-widget elementor-widget-text-editor\" data-id=\"f5b453f\" data-element_type=\"widget\" data-widget_type=\"text-editor.default\">\n\t\t\t\t\t\t\t\t\t<p><strong>Prof. dr. Badiaa Lyoussi<\/strong><br \/>Head of Laboratory of Natural Substances, Pharmacology, Environment, Modeling, Health and Quality of Life (SNAMOPEQ), <br \/>University Sidi Mohamed Ben Abdallah, Fez<\/p>\t\t\t\t\t\t\t\t<\/div>\n\t\t\t\t<div class=\"elementor-element elementor-element-7495fd1 elementor-widget elementor-widget-text-editor\" data-id=\"7495fd1\" data-element_type=\"widget\" data-widget_type=\"text-editor.default\">\n\t\t\t\t\t\t\t\t\t<p><strong>dr. MD. Cristina Aosan<\/strong><\/p>\t\t\t\t\t\t\t\t<\/div>\n\t\t\t\t<div class=\"elementor-element elementor-element-72bbe58 elementor-widget elementor-widget-text-editor\" data-id=\"72bbe58\" data-element_type=\"widget\" data-widget_type=\"text-editor.default\">\n\t\t\t\t\t\t\t\t\t<p><strong>Dr. Nicolas Cardinault PhD. <\/strong><br \/>PhD in human nutrition from medicine faculty of Clermont-ferrand, France<\/p>\t\t\t\t\t\t\t\t<\/div>\n\t\t\t\t<div class=\"elementor-element elementor-element-0ae17ac elementor-widget elementor-widget-text-editor\" data-id=\"0ae17ac\" data-element_type=\"widget\" data-widget_type=\"text-editor.default\">\n\t\t\t\t\t\t\t\t\t<p><strong>Asst. Prof. Dr. MD. Ali Timu\u00e7in Atayo\u011flu<\/strong><br \/>Medipol University, Istanbul<\/p>\t\t\t\t\t\t\t\t<\/div>\n\t\t\t\t<div class=\"elementor-element elementor-element-e6bdc2c elementor-widget elementor-widget-text-editor\" data-id=\"e6bdc2c\" data-element_type=\"widget\" data-widget_type=\"text-editor.default\">\n\t\t\t\t\t\t\t\t\t<p><strong>Dr. Vet. Mar\u00eda Alejandra L\u00f3pez Pazos <\/strong><br \/>Veterinary Physician<br \/>Dipl. Chinese Medicine; Apitherapist<\/p>\t\t\t\t\t\t\t\t<\/div>\n\t\t\t\t<div class=\"elementor-element elementor-element-7952761 elementor-icon-list--layout-traditional elementor-list-item-link-full_width elementor-widget elementor-widget-icon-list\" data-id=\"7952761\" data-element_type=\"widget\" data-widget_type=\"icon-list.default\">\n\t\t\t\t\t\t\t<ul class=\"elementor-icon-list-items\">\n\t\t\t\t\t\t\t<li class=\"elementor-icon-list-item\">\n\t\t\t\t\t\t\t\t\t\t\t<a href=\"https:\/\/apys.info\/index.php\/scientific-commission-on-apitherapy\/\">\n\n\t\t\t\t\t\t\t\t\t\t\t\t<span class=\"elementor-icon-list-icon\">\n\t\t\t\t\t\t\t<svg aria-hidden=\"true\" class=\"e-font-icon-svg e-fas-link\" viewbox=\"0 0 512 512\" xmlns=\"http:\/\/www.w3.org\/2000\/svg\"><path d=\"M326.612 185.391c59.747 59.809 58.927 155.698.36 214.59-.11.12-.24.25-.36.37l-67.2 67.2c-59.27 59.27-155.699 59.262-214.96 0-59.27-59.26-59.27-155.7 0-214.96l37.106-37.106c9.84-9.84 26.786-3.3 27.294 10.606.648 17.722 3.826 35.527 9.69 52.721 1.986 5.822.567 12.262-3.783 16.612l-13.087 13.087c-28.026 28.026-28.905 73.66-1.155 101.96 28.024 28.579 74.086 28.749 102.325.51l67.2-67.19c28.191-28.191 28.073-73.757 0-101.83-3.701-3.694-7.429-6.564-10.341-8.569a16.037 16.037 0 0 1-6.947-12.606c-.396-10.567 3.348-21.456 11.698-29.806l21.054-21.055c5.521-5.521 14.182-6.199 20.584-1.731a152.482 152.482 0 0 1 20.522 17.197zM467.547 44.449c-59.261-59.262-155.69-59.27-214.96 0l-67.2 67.2c-.12.12-.25.25-.36.37-58.566 58.892-59.387 154.781.36 214.59a152.454 152.454 0 0 0 20.521 17.196c6.402 4.468 15.064 3.789 20.584-1.731l21.054-21.055c8.35-8.35 12.094-19.239 11.698-29.806a16.037 16.037 0 0 0-6.947-12.606c-2.912-2.005-6.64-4.875-10.341-8.569-28.073-28.073-28.191-73.639 0-101.83l67.2-67.19c28.239-28.239 74.3-28.069 102.325.51 27.75 28.3 26.872 73.934-1.155 101.96l-13.087 13.087c-4.35 4.35-5.769 10.79-3.783 16.612 5.864 17.194 9.042 34.999 9.69 52.721.509 13.906 17.454 20.446 27.294 10.606l37.106-37.106c59.271-59.259 59.271-155.699.001-214.959z\"><\/path><\/svg>\t\t\t\t\t\t<\/span>\n\t\t\t\t\t\t\t\t\t\t<span class=\"elementor-icon-list-text\">All commission members<\/span>\n\t\t\t\t\t\t\t\t\t\t\t<\/a>\n\t\t\t\t\t\t\t\t\t<\/li>\n\t\t\t\t\t\t<\/ul>\n\t\t\t\t\t\t<\/div>\n\t\t\t\t<\/div>\n\t\t\t\t<\/div>\n\t\t\t\t\t<\/div>\n\t\t\t\t<\/div>\n\t\t<div class=\"elementor-element elementor-element-d4ca919 e-flex e-con-boxed e-con e-parent\" data-id=\"d4ca919\" data-element_type=\"container\">\n\t\t\t\t\t<div class=\"e-con-inner\">\n\t\t\t\t\t<\/div>\n\t\t\t\t<\/div>\n\t\t\t\t<\/div>","protected":false},"excerpt":{"rendered":"<p>Apitherapy The importance of apitherapy Apitherapy is a natural medical approach and a recognized part of integrative medicine. It is based on the use of products originating from the beehive. In different parts of the world, apitherapy is practiced and regulated in various ways. The term apitherapy was coined in the United States in 1935 [&hellip;]<\/p>","protected":false},"author":1,"featured_media":0,"parent":10,"menu_order":0,"comment_status":"closed","ping_status":"closed","template":"","meta":{"footnotes":""},"class_list":["post-88","page","type-page","status-publish","hentry"],"_links":{"self":[{"href":"https:\/\/apimondia.site\/esp\/wp-json\/wp\/v2\/pages\/88","targetHints":{"allow":["GET"]}}],"collection":[{"href":"https:\/\/apimondia.site\/esp\/wp-json\/wp\/v2\/pages"}],"about":[{"href":"https:\/\/apimondia.site\/esp\/wp-json\/wp\/v2\/types\/page"}],"author":[{"embeddable":true,"href":"https:\/\/apimondia.site\/esp\/wp-json\/wp\/v2\/users\/1"}],"replies":[{"embeddable":true,"href":"https:\/\/apimondia.site\/esp\/wp-json\/wp\/v2\/comments?post=88"}],"version-history":[{"count":25,"href":"https:\/\/apimondia.site\/esp\/wp-json\/wp\/v2\/pages\/88\/revisions"}],"predecessor-version":[{"id":2380,"href":"https:\/\/apimondia.site\/esp\/wp-json\/wp\/v2\/pages\/88\/revisions\/2380"}],"up":[{"embeddable":true,"href":"https:\/\/apimondia.site\/esp\/wp-json\/wp\/v2\/pages\/10"}],"wp:attachment":[{"href":"https:\/\/apimondia.site\/esp\/wp-json\/wp\/v2\/media?parent=88"}],"curies":[{"name":"wp","href":"https:\/\/api.w.org\/{rel}","templated":true}]}}